-- https://www.phpmyadmin.net/
--

START TRANSACTION;



-- --------------------------------------------------------

--
-- Table structure for table `company_request`
--

CREATE TABLE `company_request` (
  `id` int(11) NOT NULL,
  `company_id` int(11) DEFAULT NULL,
  `user` varchar(121) DEFAULT NULL,
  `project` varchar(121) DEFAULT NULL,
  `status` varchar(121) DEFAULT NULL
) ENGINE=InnoDB DEFAULT CHARSET=latin1;

--
-- Dumping data for table `company_request`
--

INSERT INTO `company_request` (`id`, `company_id`, `user`, `project`, `status`) VALUES
(1, 1, '1', '1', '1'),
(2, 1, '1', '1', '1'),
(3, 2, '2', '2', '1'),
(4, 3, '10', '10', '1'),
(5, 4, '10', '10', '1'),
(6, 5, '1', '1', '1'),
(7, 6, '10', '10', '1'),
(8, 7, '10', '10', '0'),
(9, 8, '10', '10', '1'),
(10, 9, '10', '10', '1'),
(11, 10, '10', '10', '1'),
(12, 11, '10', '10', '1'),
(13, 12, '10', '10', '0'),
(14, 13, '10', '10', '0'),
(15, 14, '10', '10', '0'),
(16, 1, '10', '10', '1'),
(17, 2, '1', '1', '1'),
(18, 3, '10', '10', '0'),
(19, 4, '1', '1', '1'),
(20, 5, '10', '10', '1'),
(21, 1, '1', '1', '1'),
(22, 6, '10', '10', '0'),
(23, 7, '10', '10', '0'),
(24, 8, '50', '50', '1'),
(25, 9, '10', '10', '1'),
(26, 10, '10', '10', '1'),
(27, 11, '10', '10', '1'),
(28, 12, '10', '10', '0'),
(29, 13, '10', '10', '0'),
(30, 14, '10', '10', '0'),
(31, 15, '1', '1', '1'),
(32, 16, '1', '1', '1'),
(33, 17, '10', '10', '1'),
(34, 18, '10', '10', '1'),
(35, 19, '10', '10', '0'),
(36, 18, '2', '2', '0');

-- --------------------------------------------------------

--
-- Table structure for table `countries`
--

CREATE TABLE `countries` (
  `id` int(11) NOT NULL,
  `sortname` varchar(3) NOT NULL,
  `name` varchar(150) NOT NULL,
  `phonecode` int(11) NOT NULL
) ENGINE=InnoDB DEFAULT CHARSET=utf8;

--
-- Dumping data for table `countries`
--

INSERT INTO `countries` (`id`, `sortname`, `name`, `phonecode`) VALUES
(1, 'AF', 'Afghanistan', 93),
(2, 'AL', 'Albania', 355),
(3, 'DZ', 'Algeria', 213),
(4, 'AS', 'American Samoa', 1684),
(5, 'AD', 'Andorra', 376),
(6, 'AO', 'Angola', 244),
(7, 'AI', 'Anguilla', 1264),
(8, 'AQ', 'Antarctica', 672),
(9, 'AG', 'Antigua And Barbuda', 1268),
(10, 'AR', 'Argentina', 54),
(11, 'AM', 'Armenia', 374),
(12, 'AW', 'Aruba', 297),
(13, 'AU', 'Australia', 61),
(14, 'AT', 'Austria', 43),
(15, 'AZ', 'Azerbaijan', 994),
(16, 'BS', 'Bahamas The', 1242),
(17, 'BH', 'Bahrain', 973),
(18, 'BD', 'Bangladesh', 880),
(19, 'BB', 'Barbados', 1246),
(20, 'BY', 'Belarus', 375),
(21, 'BE', 'Belgium', 32),
(22, 'BZ', 'Belize', 501),
(23, 'BJ', 'Benin', 229),
(24, 'BM', 'Bermuda', 1441),
(25, 'BT', 'Bhutan', 975),
(26, 'BO', 'Bolivia', 591),
(27, 'BA', 'Bosnia and Herzegovina', 387),
(28, 'BW', 'Botswana', 267),
(29, 'BV', 'Bouvet Island', 47),
(30, 'BR', 'Brazil', 55),
(31, 'IO', 'British Indian Ocean Territory', 246),
(32, 'BN', 'Brunei', 673),
(33, 'BG', 'Bulgaria', 359),
(34, 'BF', 'Burkina Faso', 226),
(35, 'BI', 'Burundi', 257),
(36, 'KH', 'Cambodia', 855),
(37, 'CM', 'Cameroon', 237),
(38, 'CA', 'Canada', 1),
(39, 'CV', 'Cape Verde', 238),
(40, 'KY', 'Cayman Islands', 1345),
(41, 'CF', 'Central African Republic', 236),
(42, 'TD', 'Chad', 235),
(43, 'CL', 'Chile', 56),
(44, 'CN', 'China', 86),
(45, 'CX', 'Christmas Island', 61),
(46, 'CC', 'Cocos (Keeling) Islands', 672),
(47, 'CO', 'Colombia', 57),
(48, 'KM', 'Comoros', 269),
(49, 'CG', 'Republic Of The Congo', 242),
(50, 'CD', 'Democratic Republic Of The Congo', 242),
(51, 'CK', 'Cook Islands', 682),
(52, 'CR', 'Costa Rica', 506),
(53, 'CI', 'Cote D\'Ivoire (Ivory Coast)', 225),
(54, 'HR', 'Croatia (Hrvatska)', 385),
(55, 'CU', 'Cuba', 53),
(56, 'CY', 'Cyprus', 357),
(57, 'CZ', 'Czech Republic', 420),
(58, 'DK', 'Denmark', 45),
(59, 'DJ', 'Djibouti', 253),
(60, 'DM', 'Dominica', 1767),
(61, 'DO', 'Dominican Republic', 1809),
(62, 'TP', 'East Timor', 670),
(63, 'EC', 'Ecuador', 593),
(64, 'EG', 'Egypt', 20),
(65, 'SV', 'El Salvador', 503),
(66, 'GQ', 'Equatorial Guinea', 240),
(67, 'ER', 'Eritrea', 291),
(68, 'EE', 'Estonia', 372),
(69, 'ET', 'Ethiopia', 251),
(70, 'XA', 'External Territories of Australia', 61),
(71, 'FK', 'Falkland Islands', 500),
(72, 'FO', 'Faroe Islands', 298),
(73, 'FJ', 'Fiji Islands', 679),
(74, 'FI', 'Finland', 358),
(75, 'FR', 'France', 33),
(76, 'GF', 'French Guiana', 594),
(77, 'PF', 'French Polynesia', 689),
(78, 'TF', 'French Southern Territories', 262),
(79, 'GA', 'Gabon', 241),
(80, 'GM', 'Gambia The', 220),
(81, 'GE', 'Georgia', 995),
(82, 'DE', 'Germany', 49),
(83, 'GH', 'Ghana', 233),
(84, 'GI', 'Gibraltar', 350),
(85, 'GR', 'Greece', 30),
(86, 'GL', 'Greenland', 299),
(87, 'GD', 'Grenada', 1473),
(88, 'GP', 'Guadeloupe', 590),
(89, 'GU', 'Guam', 1671),
(90, 'GT', 'Guatemala', 502),
(91, 'XU', 'Guernsey and Alderney', 44),
(92, 'GN', 'Guinea', 224),
(93, 'GW', 'Guinea-Bissau', 245),
(94, 'GY', 'Guyana', 592),
(95, 'HT', 'Haiti', 509),
(96, 'HM', 'Heard and McDonald Islands', 672),
(97, 'HN', 'Honduras', 504),
(98, 'HK', 'Hong Kong S.A.R.', 852),
(99, 'HU', 'Hungary', 36),
(100, 'IS', 'Iceland', 354),
(101, 'IN', 'India', 91),
(102, 'ID', 'Indonesia', 62),
(103, 'IR', 'Iran', 98),
(104, 'IQ', 'Iraq', 964),
(105, 'IE', 'Ireland', 353),
(106, 'IL', 'Israel', 972),
(107, 'IT', 'Italy', 39),
(108, 'JM', 'Jamaica', 1876),
(109, 'JP', 'Japan', 81),
(110, 'XJ', 'Jersey', 44),
(111, 'JO', 'Jordan', 962),
(112, 'KZ', 'Kazakhstan', 7),
(113, 'KE', 'Kenya', 254),
(114, 'KI', 'Kiribati', 686),
(115, 'KP', 'Korea North', 850),
(116, 'KR', 'Korea South', 82),
(117, 'KW', 'Kuwait', 965),
(118, 'KG', 'Kyrgyzstan', 996),
(119, 'LA', 'Laos', 856),
(120, 'LV', 'Latvia', 371),
(121, 'LB', 'Lebanon', 961),
(122, 'LS', 'Lesotho', 266),
(123, 'LR', 'Liberia', 231),
(124, 'LY', 'Libya', 218),
(125, 'LI', 'Liechtenstein', 423),
(126, 'LT', 'Lithuania', 370),
(127, 'LU', 'Luxembourg', 352),
(128, 'MO', 'Macau S.A.R.', 853),
(129, 'MK', 'Macedonia', 389),
(130, 'MG', 'Madagascar', 261),
(131, 'MW', 'Malawi', 265),
(132, 'MY', 'Malaysia', 60),
(133, 'MV', 'Maldives', 960),
(134, 'ML', 'Mali', 223),
(135, 'MT', 'Malta', 356),
(136, 'XM', 'Man (Isle of)', 44),
(137, 'MH', 'Marshall Islands', 692),
(138, 'MQ', 'Martinique', 596),
(139, 'MR', 'Mauritania', 222),
(140, 'MU', 'Mauritius', 230),
(141, 'YT', 'Mayotte', 269),
(142, 'MX', 'Mexico', 52),
(143, 'FM', 'Micronesia', 691),
(144, 'MD', 'Moldova', 373),
(145, 'MC', 'Monaco', 377),
(146, 'MN', 'Mongolia', 976),
(147, 'MS', 'Montserrat', 1664),
(148, 'MA', 'Morocco', 212),
(149, 'MZ', 'Mozambique', 258),
(150, 'MM', 'Myanmar', 95),
(151, 'NA', 'Namibia', 264),
(152, 'NR', 'Nauru', 674),
(153, 'NP', 'Nepal', 977),
(154, 'AN', 'Netherlands Antilles', 599),
(155, 'NL', 'Netherlands The', 31),
(156, 'NC', 'New Caledonia', 687),
(157, 'NZ', 'New Zealand', 64),
(158, 'NI', 'Nicaragua', 505),
(159, 'NE', 'Niger', 227),
(160, 'NG', 'Nigeria', 234),
(161, 'NU', 'Niue', 683),
(162, 'NF', 'Norfolk Island', 672),
(163, 'MP', 'Northern Mariana Islands', 1670),
(164, 'NO', 'Norway', 47),
(165, 'OM', 'Oman', 968),
(166, 'PK', 'Pakistan', 92),
(167, 'PW', 'Palau', 680),
(168, 'PS', 'Palestinian Territory Occupied', 970),
(169, 'PA', 'Panama', 507),
(170, 'PG', 'Papua new Guinea', 675),
(171, 'PY', 'Paraguay', 595),
(172, 'PE', 'Peru', 51),
(173, 'PH', 'Philippines', 63),
(174, 'PN', 'Pitcairn Island', 64),
(175, 'PL', 'Poland', 48),
(176, 'PT', 'Portugal', 351),
(177, 'PR', 'Puerto Rico', 1787),
(178, 'QA', 'Qatar', 974),
(179, 'RE', 'Reunion', 262),
(180, 'RO', 'Romania', 40),
(181, 'RU', 'Russia', 70),
(182, 'RW', 'Rwanda', 250),
(183, 'SH', 'Saint Helena', 290),
(184, 'KN', 'Saint Kitts And Nevis', 1869),
(185, 'LC', 'Saint Lucia', 1758),
(186, 'PM', 'Saint Pierre and Miquelon', 508),
(187, 'VC', 'Saint Vincent And The Grenadines', 1784),
(188, 'WS', 'Samoa', 684),
(189, 'SM', 'San Marino', 378),
(190, 'ST', 'Sao Tome and Principe', 239),
(191, 'SA', 'Saudi Arabia', 966),
(192, 'SN', 'Senegal', 221),
(193, 'RS', 'Serbia', 381),
(194, 'SC', 'Seychelles', 248),
(195, 'SL', 'Sierra Leone', 232),
(196, 'SG', 'Singapore', 65),
(197, 'SK', 'Slovakia', 421),
(198, 'SI', 'Slovenia', 386),
(199, 'XG', 'Smaller Territories of the UK', 44),
(200, 'SB', 'Solomon Islands', 677),
(201, 'SO', 'Somalia', 252),
(202, 'ZA', 'South Africa', 27),
(203, 'GS', 'South Georgia', 500),
(204, 'SS', 'South Sudan', 211),
(205, 'ES', 'Spain', 34),
(206, 'LK', 'Sri Lanka', 94),
(207, 'SD', 'Sudan', 249),
(208, 'SR', 'Suriname', 597),
(209, 'SJ', 'Svalbard And Jan Mayen Islands', 47),
(210, 'SZ', 'Swaziland', 268),
(211, 'SE', 'Sweden', 46),
(212, 'CH', 'Switzerland', 41),
(213, 'SY', 'Syria', 963),
(214, 'TW', 'Taiwan', 886),
(215, 'TJ', 'Tajikistan', 992),
(216, 'TZ', 'Tanzania', 255),
(217, 'TH', 'Thailand', 66),
(218, 'TG', 'Togo', 228),
(219, 'TK', 'Tokelau', 690),
(220, 'TO', 'Tonga', 676),
(221, 'TT', 'Trinidad And Tobago', 1868),
(222, 'TN', 'Tunisia', 216),
(223, 'TR', 'Turkey', 90),
(224, 'TM', 'Turkmenistan', 7370),
(225, 'TC', 'Turks And Caicos Islands', 1649),
(226, 'TV', 'Tuvalu', 688),
(227, 'UG', 'Uganda', 256),
(228, 'UA', 'Ukraine', 380),
(229, 'AE', 'United Arab Emirates', 971),
(230, 'GB', 'United Kingdom', 44),
(231, 'US', 'United States', 1),
(232, 'UM', 'United States Minor Outlying Islands', 1),
(233, 'UY', 'Uruguay', 598),
(234, 'UZ', 'Uzbekistan', 998),
(235, 'VU', 'Vanuatu', 678),
(236, 'VA', 'Vatican City State (Holy See)', 39),
(237, 'VE', 'Venezuela', 58),
(238, 'VN', 'Vietnam', 84),
(239, 'VG', 'Virgin Islands (British)', 1284),
(240, 'VI', 'Virgin Islands (US)', 1340),
(241, 'WF', 'Wallis And Futuna Islands', 681),
(242, 'EH', 'Western Sahara', 212),
(243, 'YE', 'Yemen', 967),
(244, 'YU', 'Yugoslavia', 38),
(245, 'ZM', 'Zambia', 260),
(246, 'ZW', 'Zimbabwe', 263);

-- --------------------------------------------------------

--
-- Table structure for table `currency`
--

CREATE TABLE `currency` (
  `id` int(11) NOT NULL,
  `name` varchar(20) DEFAULT NULL,
  `code` varchar(3) DEFAULT NULL,
  `symbol` varchar(5) DEFAULT NULL,
  `status` int(11) NOT NULL COMMENT '1-view 0-hide',
  `format` varchar(255) DEFAULT NULL
) ENGINE=InnoDB DEFAULT CHARSET=utf8;

--
-- Dumping data for table `currency`
--

INSERT INTO `currency` (`id`, `name`, `code`, `symbol`, `status`, `format`) VALUES
(1, 'Leke', 'ALL', 'Lek', 0, NULL),
(3, 'Afghanis', 'AFN', '؋', 0, NULL),
(6, 'Dollars', 'USD', '$', 1, 'en-US'),
(7, 'New Manats', 'AZN', 'ман', 0, NULL),
(8, 'Dollars', 'BSD', '$', 0, NULL),
(9, 'Dollars', 'BBD', '$', 0, NULL),
(11, 'Euro', 'EUR', '€', 0, NULL),
(12, 'Dollars', 'BZD', 'BZ$', 0, NULL),
(13, 'Dollars', 'BMD', '$', 0, NULL),
(14, 'Bolivianos', 'BOB', '$b', 0, NULL),
(15, 'Convertible Marka', 'BAM', 'KM', 0, NULL),
(16, 'Pula', 'BWP', 'P', 0, NULL),
(17, 'Leva', 'BGN', 'лв', 0, NULL),
(18, 'Reais', 'BRL', 'R$', 0, NULL),
(20, 'Dollars', 'BND', '$', 0, NULL),
(21, 'Riels', 'KHR', '៛', 0, NULL),
(22, 'Dollars', 'CAD', '$', 0, NULL),
(23, 'Dollars', 'KYD', '$', 0, NULL),
(24, 'Pesos', 'CLP', '$', 0, NULL),
(25, 'Yuan Renminbi', 'CNY', '¥', 0, NULL),
(26, 'Pesos', 'COP', '$', 0, NULL),
(27, 'Colón', 'CRC', '₡', 0, NULL),
(28, 'Kuna', 'HRK', 'kn', 0, NULL),
(29, 'Pesos', 'CUP', '₱', 0, NULL),
(30, 'Koruny', 'CZK', 'Kč', 0, NULL),
(31, 'Kroner', 'DKK', 'kr', 0, NULL),
(32, 'Pesos', 'DOP', 'RD$', 0, NULL),
(33, 'Dollars', 'XCD', '$', 0, NULL),
(34, 'Pounds', 'EGP', '£', 0, NULL),
(35, 'Colones', 'SVC', '$', 0, NULL),
(36, 'Pounds', 'FKP', '£', 0, NULL),
(37, 'Dollars', 'FJD', '$', 0, NULL),
(38, 'Cedis', 'GHC', '¢', 0, NULL),
(39, 'Pounds', 'GIP', '£', 0, NULL),
(40, 'Quetzales', 'GTQ', 'Q', 0, NULL),
(41, 'Pounds', 'GGP', '£', 0, NULL),
(42, 'Dollars', 'GYD', '$', 0, NULL),
(43, 'Lempiras', 'HNL', 'L', 0, NULL),
(44, 'Dollars', 'HKD', '$', 0, NULL),
(45, 'Forint', 'HUF', 'Ft', 0, NULL),
(46, 'Kronur', 'ISK', 'kr', 0, NULL),
(48, 'Rupiahs', 'IDR', 'Rp', 0, NULL),
(50, 'Pounds', 'IMP', '£', 0, NULL),
(51, 'New Shekels', 'ILS', '₪', 0, NULL),
(52, 'Dollars', 'JMD', 'J$', 0, NULL),
(53, 'Yen', 'JPY', '¥', 0, NULL),
(54, 'Pounds', 'JEP', '£', 0, NULL),
(55, 'Tenge', 'KZT', 'лв', 0, NULL),
(57, 'Won', 'KRW', '₩', 0, NULL),
(58, 'Soms', 'KGS', 'лв', 0, NULL),
(59, 'Kips', 'LAK', '₭', 0, NULL),
(60, 'Lati', 'LVL', 'Ls', 0, NULL),
(61, 'Pounds', 'LBP', '£', 0, NULL),
(62, 'Dollars', 'LRD', '$', 0, NULL),
(63, 'Switzerland Francs', 'CHF', 'CHF', 0, NULL),
(64, 'Litai', 'LTL', 'Lt', 0, NULL),
(65, 'Denars', 'MKD', 'ден', 0, NULL),
(66, 'Ringgits', 'MYR', 'RM', 0, NULL),
(67, 'Rupees', 'MUR', '₨', 0, NULL),
(68, 'Pesos', 'MXN', '$', 0, NULL),
(69, 'Tugriks', 'MNT', '₮', 0, NULL),
(70, 'Meticais', 'MZN', 'MT', 0, NULL),
(71, 'Dollars', 'NAD', '$', 0, NULL),
(72, 'Rupees', 'NPR', '₨', 0, NULL),
(73, 'Guilders', 'ANG', 'ƒ', 0, NULL),
(74, 'Dollars', 'NZD', '$', 0, NULL),
(75, 'Cordobas', 'NIO', 'C$', 0, NULL),
(76, 'Nairas', 'NGN', '₦', 0, NULL),
(77, 'Krone', 'NOK', 'kr', 0, NULL),
(78, 'Rials', 'OMR', '﷼', 0, NULL),
(79, 'Rupees', 'PKR', '₨', 0, NULL),
(80, 'Balboa', 'PAB', 'B/.', 0, NULL),
(81, 'Guarani', 'PYG', 'Gs', 0, NULL),
(82, 'Nuevos Soles', 'PEN', 'S/.', 0, NULL),
(83, 'Pesos', 'PHP', 'Php', 0, NULL),
(84, 'Zlotych', 'PLN', 'zł', 0, NULL),
(85, 'Rials', 'QAR', '﷼', 0, NULL),
(86, 'New Lei', 'RON', 'lei', 0, NULL),
(87, 'Rubles', 'RUB', 'руб', 0, NULL),
(88, 'Pounds', 'SHP', '£', 0, NULL),
(89, 'Riyals', 'SAR', '﷼', 0, NULL),
(90, 'Dirham', 'AED', 'د.إ', 1, 'az-AE'),
(91, 'Rupees', 'SCR', '₨', 0, NULL),
(92, 'Dollars', 'SGD', '$', 0, NULL),
(93, 'Dollars', 'SBD', '$', 0, NULL),
(94, 'Shillings', 'SOS', 'S', 0, NULL),
(95, 'Rand', 'ZAR', 'R', 0, NULL),
(96, 'Rupees', 'LKR', '₨', 0, NULL),
(97, 'Kronor', 'SEK', 'kr', 0, NULL),
(98, 'Dollars', 'SRD', '$', 0, NULL),
(99, 'Pounds', 'SYP', '£', 0, NULL),
(100, 'New Dollars', 'TWD', 'NT$', 0, NULL),
(101, 'Baht', 'THB', '฿', 0, NULL),
(102, 'Dollars', 'TTD', 'TT$', 0, NULL),
(103, 'Lira', 'TRY', '₺', 0, NULL),
(104, 'Liras', 'TRL', '£', 0, NULL),
(105, 'Dollars', 'TVD', '$', 0, NULL),
(106, 'Hryvnia', 'UAH', '₴', 0, NULL),
(107, 'Pesos', 'UYU', '$U', 0, NULL),
(108, 'Sums', 'UZS', 'лв', 0, NULL),
(109, 'Bolivares Fuertes', 'VEF', 'Bs', 0, NULL),
(110, 'Dong', 'VND', '₫', 0, NULL),
(111, 'Rials', 'YER', '﷼', 0, NULL),
(112, 'Zimbabwe Dollars', 'ZWD', 'Z$', 0, NULL),
(113, 'Rupees', 'INR', '₹', 1, 'en-IN');

-- --------------------------------------------------------

--
-- Table structure for table `licence_key`
--

CREATE TABLE `licence_key` (
  `id` int(200) NOT NULL,
  `company_register_id` int(6) DEFAULT NULL,
  `no_users` int(200) NOT NULL,
  `no_projects` int(200) NOT NULL,
  `currency` varchar(200) NOT NULL,
  `amount` int(200) NOT NULL,
  `invoiceno` varchar(200) NOT NULL,
  `file` varchar(200) NOT NULL,
  `licence` varchar(200) NOT NULL,
  `status` int(200) NOT NULL DEFAULT '0',
  `created_date` varchar(233) DEFAULT NULL
) ENGINE=MyISAM DEFAULT CHARSET=latin1;

--
-- Dumping data for table `licence_key`
--

INSERT INTO `licence_key` (`id`, `company_register_id`, `no_users`, `no_projects`, `currency`, `amount`, `invoiceno`, `file`, `licence`, `status`, `created_date`) VALUES
(1, 1, 1, 1, '6', 213, 'INV-210700159', 'download.jpg', 'aLQ2Dy87usmK3cW61029ec7dd0f9', 1, '29-07-21 05:58:17'),
(2, 2, 1, 1, '113', 1, 'INV-210700204', 'WhatsApp Image 2021-07-29 at 9.49.38 AM.jpeg', 'Z0mxGq2L59R8Y6E6102a1e14dcdd', 1, '29-07-21 06:11:22'),
(3, 4, 1, 1, '113', 100, 'INV-210700479', 'chart.png', 'nvsMobxiwC4KIq0610378c21f765', 1, '30-07-21 09:28:09'),
(4, 5, 10, 10, '6', 0, 'INV-210700528', 'logo.png', 'lLeqZy8BpnPtUMK6103ab5659bf4', 1, '30-07-21 01:04:19'),
(5, 1, 1, 1, '6', 23, 'INV-210700175', 'download.jpg', 'E5d2G8sJzRNeFDV6103cd583eb66', 1, '30-07-21 03:29:03'),
(6, 8, 10, 10, '6', 3, 'INV-210700813', 'IWICF-Logo-1.png', 'trGTQUyl1iKPe5q6104d7a1d217c', 1, '31-07-21 10:25:22'),
(7, 9, 10, 10, '90', 898, 'INV-210700991', 'Home_Screenshot_2021.03.08_02.11.57.png', 'zNJImCU2Yer1Fco6104ddf517606', 1, '31-07-21 10:52:21'),
(8, 10, 10, 10, '6', 3, 'INV-2107001030', 'IWICF-Logo-1.png', 'nueVfygcEz59RUQ6104e3748fb6b', 1, '31-07-21 11:15:36'),
(9, 11, 10, 10, '6', 452, 'INV-2108001127', 'download.jpg', 'ygLFoewxG6TQBzA61077cb5d4d98', 1, '02-08-21 10:34:01'),
(10, 15, 1, 1, '113', 100, 'INV-2108001548', '9-qr-code.pdf', '0Cqwa9rY6GXhxdR6108bfc9a8300', 1, '03-08-21 09:32:33'),
(11, 16, 1, 1, '113', 100, 'INV-2108001644', 'Screenshot 2021-08-03 at 9.01.18 AM.png', 'eGCWty24zONuH1861092d96ae4ea', 1, '03-08-21 05:20:59'),
(12, 17, 10, 10, '6', 325, 'INV-2108001717', 'download (1).jpg', 'gvRrXKoCQ70ItpJ6109327a2fc75', 1, '03-08-21 05:41:50'),
(13, 18, 10, 10, '6', 87, 'INV-2108001828', 'Home_Screenshot_2021.03.08_02.11.57.png', '3ptENu2kYQdwgZa610a626e623ca', 1, '04-08-21 03:18:54');

-- --------------------------------------------------------

--
-- Table structure for table `notifications`
--

CREATE TABLE `notifications` (
  `id` int(11) NOT NULL,
  `message` varchar(200) DEFAULT NULL,
  `url` varchar(100) DEFAULT NULL,
  `company_id` int(11) NOT NULL,
  `role_id` int(11) NOT NULL,
  `user_id` int(15) DEFAULT NULL,
  `created_date` varchar(233) DEFAULT NULL,
  `status` int(11) NOT NULL DEFAULT '0'
) ENGINE=InnoDB DEFAULT CHARSET=utf8mb4;

--
-- Dumping data for table `notifications`
--

INSERT INTO `notifications` (`id`, `message`, `url`, `company_id`, `role_id`, `user_id`, `created_date`, `status`) VALUES
(2, 'abc has been registered', 'https://ddraws.mo.vc/ddrsuperadmin/web/index.php?r=site/companies', 0, 0, 0, '2021-08-02 07:28:57', 1),
(3, 'abc has been registered', 'https://ddraws.mo.vc/ddrsuperadmin/web/index.php?r=site/companies', 0, 0, 0, '2021-08-02 12:15:44', 1),
(4, '@98web company has been registered', 'https://ddraws.mo.vc/ddrsuperadmin/web/index.php?r=site/companies', 0, 0, 0, '2021-08-03 04:00:51', 1),
(5, 'XMS Pvt Ltd has been registered', 'https://ddraws.mo.vc/ddrsuperadmin/web/index.php?r=site/companies', 0, 0, 0, '2021-08-03 11:40:11', 1),
(6, 'Vc@13 gma has been registered', 'https://ddraws.mo.vc/ddrsuperadmin/web/index.php?r=site/companies', 0, 0, 0, '2021-08-03 12:01:05', 1),
(7, 'Rey enterprises has been registered', 'https://ddraws.mo.vc/ddrsuperadmin/web/index.php?r=site/companies', 0, 0, 0, '2021-08-04 09:44:05', 1),
(8, 'Rey enterprises has been registered', 'https://ddraws.mo.vc/ddrsuperadmin/web/index.php?r=site/companies', 0, 0, 0, '2021-08-05 06:56:35', 1);

--
-- Indexes for table `company_request`
--
ALTER TABLE `company_request`
  ADD PRIMARY KEY (`id`);

--
-- Indexes for table `countries`
--
ALTER TABLE `countries`
  ADD PRIMARY KEY (`id`);

--
-- Indexes for table `currency`
--
ALTER TABLE `currency`
  ADD PRIMARY KEY (`id`);

--
-- Indexes for table `licence_key`
--
ALTER TABLE `licence_key`
  ADD PRIMARY KEY (`id`);

--
-- Indexes for table `notifications`
--
ALTER TABLE `notifications`
  ADD PRIMARY KEY (`id`);

--
-- AUTO_INCREMENT for table `company_request`
--
ALTER TABLE `company_request`
  MODIFY `id` int(11) NOT NULL AUTO_INCREMENT, AUTO_INCREMENT=37;

--
-- AUTO_INCREMENT for table `countries`
--
ALTER TABLE `countries`
  MODIFY `id` int(11) NOT NULL AUTO_INCREMENT, AUTO_INCREMENT=247;

--
-- AUTO_INCREMENT for table `currency`
--
ALTER TABLE `currency`
  MODIFY `id` int(11) NOT NULL AUTO_INCREMENT, AUTO_INCREMENT=114;

--
-- AUTO_INCREMENT for table `licence_key`
--
ALTER TABLE `licence_key`
  MODIFY `id` int(200) NOT NULL AUTO_INCREMENT, AUTO_INCREMENT=14;

--
-- AUTO_INCREMENT for table `notifications`
--
ALTER TABLE `notifications`
  MODIFY `id` int(11) NOT NULL AUTO_INCREMENT, AUTO_INCREMENT=9;
COMMIT;

